+ -4?
c4
In base 4, what is 0 - -12?
12
In base 11, what is -3 - -125?
122
In base 14, what is -5 - -1?
-4
In base 4, what is -3 - -12121?
12112
In base 15, what is -9c - -5?
-97
In base 2, what is -1000 + -100001110?
-100010110
In base 2, what is 100 + -11111?
-11011
In base 4, what is 2131 + 113?
2310
In base 3, what is -100 + -110?
-210
In base 14, what is -24d2 + -4?
-24d6
In base 3, what is 112 - 212?
-100
In base 7, what is -12 - -51?
36
In base 4, what is -1 + 3?
2
In base 7, what is 1 - -304?
305
In base 7, what is -5 - -513?
505
In base 4, what is -313331 - 3?
-320000
In base 4, what is -120 - 11?
-131
In base 12, what is 1bb - -35?
234
In base 2, what is 10 + -100000101?
-100000011
In base 7, what is 2 - -40?
42
In base 5, what is 140 - 32?
103
In base 4, what is -10 + 12120?
12110
In base 16, what is -45 + -1?
-46
In base 15, what is 10 - -2?
12
In base 5, what is 123 - 44?
24
In base 11, what is 151 - 1?
150
In base 12, what is -4 - 143?
-147
In base 14, what is 16 - -74?
8a
In base 2, what is -1 + 100110010000?
100110001111
In base 2, what is 101101 + 11001?
1000110
In base 2, what is 1010110011 + -10?
1010110001
In base 10, what is -48 - -3?
-45
In base 8, what is 3 - 47?
-44
In base 14, what is 29b + -4?
297
In base 15, what is 64eb - 4?
64e7
In base 14, what is -4 + 2cc5?
2cc1
In base 5, what is -23 - 134?
-212
In base 4, what is -1133023 + -10?
-1133033
In base 15, what is 3 + 37?
3a
In base 6, what is -53 - 100?
-153
In base 2, what is -1101001111111 - -10?
-1101001111101
In base 16, what is 12 + 5?
17
In base 3, what is -1 - -1201?
1200
In base 14, what is 4 - -d1?
d5
In base 8, what is -31 + -11?
-42
In base 6, what is 20 + -2?
14
In base 4, what is -3 - 201111?
-201120
In base 10, what is -59 - 21?
-80
In base 8, what is 3 + -50?
-45
In base 12, what is -3 + 446?
443
In base 7, what is 606 - -43?
652
In base 9, what is 3 - -72?
75
In base 4, what is -1 + -111?
-112
In base 10, what is -2 + -1008?
-1010
In base 5, what is 31203 - -4?
31212
In base 2, what is -1001 - -11000001111?
11000000110
In base 15, what is 25 - -1a?
40
In base 14, what is 5 + -63?
-5c
In base 13, what is 71 - 17?
57
In base 6, what is -4204 - -21?
-4143
In base 16, what is 24b + -3?
248
In base 4, what is -3003 - 113?
-3122
In base 4, what is 3 + 120?
123
In base 6, what is 3 + -114?
-111
In base 9, what is -2 + 28?
26
In base 12, what is 7 + b0?
b7
In base 14, what is -1626d + -1?
-16270
In base 11, what is -12 + 11a?
108
In base 2, what is 11111100010 - -11?
11111100101
In base 14, what is -25 - 157?
-17c
In base 14, what is -146 + 5?
-141
In base 2, what is 10010000110 - -111?
10010001101
In base 2, what is 1 + -110110?
-110101
In base 5, what is 20 + 1?
21
In base 11, what is 1 + -70?
-6a
In base 13, what is -2 - 48?
-4a
In base 3, what is 1 + -20210?
-20202
In base 8, what is -22 + 24?
2
In base 13, what is -3 - 38?
-3b
In base 3, what is -1021121101 - -10?
-1021121021
In base 6, what is 2 + 31?
33
In base 15, what is -3 - 5?
-8
In base 12, what is -194 - 7?
-19b
In base 10, what is 6 - -617?
623
In base 12, what is 36 - 396?
-360
In base 16, what is 1a - -d?
27
In base 9, what is -260 - 0?
-260
In base 15, what is -2e - 2?
-31
In base 5, what is 21 + -4330?
-4304
In base 6, what is 341 - 5?
332
In base 3, what is -22220 - -12?
-22201
In base 3, what is -1 + 10200?
10122
In base 12, what is -160 - -3?
-159
In base 10, what is -2 + 42?
40
In base 5, what is -4 - -200?
141
In base 12, what is -1a + -58?
-76
In base 5, what is 240 - 1?
234
In base 14, what is -339 - 5?
-340
In base 7, what is 25 - -220?
245
In base 7, what is -16 - 0?
-16
In base 6, what is -5331 + 5?
-5322
In base 12, what is 8 - -3?
b
In base 5, what is 12 + -22?
-10
In base 12, what is 101 + 8?
109
In base 9, what is -16 + -12?
-28
In base 4, what is 13002 - 130?
12212
In base 12, what is 841 + -4?
839
In base 14, what is 485 + -3?
482
In base 2, what is -101 - 10000?
-10101
In base 4, what is 11 + 221132?
221203
In base 2, what is 100 - 1000010001?
-1000001101
In base 7, what is 3032 + -3?
3026
In base 4, what is -112 + -2010?
-2122
In base 2, what is -100 - -1100011001110?
1100011001010
In base 14, what is 3 + 102?
105
In base 14, what is 18 + 2?
1a
In base 11, what is 767 - -4?
770
In base 13, what is -2c - -3?
-29
In base 8, what is -535 - -7?
-526
In base 4, what is 33 + 1101?
1200
In base 10, what is -7 - 29?
-36
In base 7, what is -14 - -211?
164
In base 7, what is -11643 - -5?
-11635
In base 16, what is -3e - -4?
-3a
In base 3, what is 10 + 121?
201
In base 8, what is -4133 - 5?
-4140
In base 13, what is -8cb8 - 0?
-8cb8
In base 6, what is 11350 + 3?
11353
In base 6, what is 2 - 244?
-242
In base 7, what is 6 - 232?
-223
In base 15, what is -3 + -371?
-374
In base 4, what is -21 - 0?
-21
In base 14, what is -214 - 11?
-225
In base 7, what is -611 - 3?
-614
In base 7, what is 0 - 10?
-10
In base 10, what is -126 - 3?
-129
In base 5, what is -4103 - -20?
-4033
In base 7, what is -5 - -32?
24
In base 3, what is 11 - 201012?
-201001
In base 13, what is -155 - 88?
-210
In base 11, what is -157 + 4?
-153
In base 16, what is 4de - 3?
4db
In base 16, what is -7 + -2f?
-36
In base 13, what is 75 - 2?
73
In base 9, what is 4 + -686?
-682
In base 11, what is 33 - -4?
37
In base 9, what is -13 + -20?
-33
In base 2, what is 1011001011 - -1?
1011001100
In base 10, what is 3 + 10?
13
In base 3, what is -1110 + 0?
-1110
In base 5, what is 232 - -2?
234
In base 10, what is -1 + 593?
592
In base 5, what is -4 + -12?
-21
In base 10, what is -10 - -2454?
2444
In base 8, what is -13 + -11?
-24
In base 9, what is -1 - -272?
271
In base 13, what is 4 + 193?
197
In base 16, what is 4 - 419?
-415
In base 12, what is 1 - -565?
566
In base 12, what is 123 - -59?
180
In base 5, what is -4124 + 2?
-4122
In base 10, what is -8 - -69?
61
In base 12, what is 111 + 4?
115
In base 5, what is 2 - 123314?
-123312
In base 6, what is -4023 + 5?
-4014
In base 16, what is 72 + 4?
76
In base 4, what is -30230 - 13?
-30303
In base 14, what is 4 + -b?
-7
In base 8, what is 22 + 222?
244
In base 4, what is -120111 + 11?
-120100
In base 12, what is 686 + -4?
682
In base 16, what is -4 - 532?
-536
In base 12, what is 0 - -a8?
a8
In base 11, what is -1445 + 10?
-1435
In base 2, what is -100 + -1101100?
-1110000
In base 13, what is 23 - 18?
8
In base 16, what is 0 - 7a?
-7a
In base 9, what is 30 - -45?
75
In base 9, what is -2 + -30?
-32
In base 6, what is 4143 + -3?
4140
In base 3, what is -20111 + -10?
-20121
In base 9, what is 2 - 484?
-482
In base 6, what is 1 - 1123?
-1122
In base 8, what is 1 - 242?
-241
In base 11, what is -3 - 198?
-1a0
In base 9, what is 3203 + 1?
3204
In base 12, what is -35 - -22?
-13
In base 8, what is -175 + 5?
-170
In base 6, what is -515 + -3?
-522
In base 11, what is 15a4 + 5?
15a9
In base 13, what is -a - 112?
-11c
In base 8, what is -167 - 11?
-200
In base 9, what is 366 - -1?
367
In base 9, what is 2 + -540?
-537
In base 6, what is 31310 + -4?
31302
In base 3, what is 22122 + -101?
22021
In base 2, what is 1100010 + 10?
1100100
In base 9, what is -1 + 128?
127
In base 4, what is 1002311 + 10?
1002321
In base 2, what is -110111 - 101010?
-1100001
In base 15, what is 2 - 9a?
-98
In base 8, what is -132 - -3?
-127
In base 8, what is -4 - -574?
570
In base 9, what is 22805 - -2?
22807
In base 12, what is 6b + 46?
b5
In base 8, what is -4506 + -2?
-4510
In base 15, what is 1 - -3b8?
3b9
In base 9, what is -3138 - 2?
-3141
In base 4, what is 202 + 330?
1132
In base 12, what is -5a - -5?
-55
In base 7, what is -24060 + 4?
-24053
In base 4, what is -3 + -20?
-23
In base 3, what is -22 + -1110?
-1202
In base 2, what is -1000 + 101010?
100010
In base 2, what is 100 - -1010?
1110
In base 16, what is 2b01 - 1?
2b00
In base 4, what is -11 + 0?
-11
In base 8, what is -117 + 5?
-112
In base 6, what is 103441 - -2?
103443
In base 14, what is -2 - 84?
-86
In base 7, what is -204 + 16?
-155
In base 4, what is 1 + -2031?
-2030
In base 13, what is 2 - -1a8?
1aa
In base 9, what is -161 - -17?
-143
In base 14, what is -9 - -b?
2
In base 10, what is 4 - 3331?
-3327
In base 16, what is -4 - 8b?
-8f
In base 3, what is 1000220 - -22?
1001012
In base 4, what is 0 + 12000?
12000
In base 15, what is -8c + -1